{"id":23529,"date":"2022-05-30T13:06:56","date_gmt":"2022-05-30T16:06:56","guid":{"rendered":"https:\/\/www.teatrodelbicentenariosanjuan.org\/?page_id=23529"},"modified":"2023-12-06T09:21:20","modified_gmt":"2023-12-06T12:21:20","slug":"letras-corporeas-2022","status":"publish","type":"page","link":"https:\/\/www.teatrodelbicentenariosanjuan.org\/en\/letras-corporeas-2022\/","title":{"rendered":"LETRAS CORP\u00d3REAS"},"content":{"rendered":"<div class=\"wpb-content-wrapper\"><div      class=\"vc_row wpb_row section vc_row-fluid  grid_section\" style=' text-align:left;'><div class=\"section_inner clearfix\"><div class='section_inner_margin clearfix'><div class=\"wpb_column vc_column_container vc_col-sm-12 vc_col-has-fill\"><div class=\"vc_column-inner vc_custom_1564497405851\"><div class=\"wpb_wrapper\">\n\t<div class=\"wpb_single_image wpb_content_element vc_align_right\">\n\t\t<div class=\"wpb_wrapper\">\n\t\t\t\n\t\t\t<div class=\"vc_single_image-wrapper   vc_box_border_grey\"><img loading=\"lazy\" decoding=\"async\" width=\"2560\" height=\"1707\" src=\"https:\/\/www.teatrodelbicentenariosanjuan.org\/wp-content\/uploads\/2022\/10\/DSC09491-scaled.jpg\" class=\"vc_single_image-img attachment-full\" alt=\"\" title=\"DSC09491\" srcset=\"https:\/\/www.teatrodelbicentenariosanjuan.org\/wp-content\/uploads\/2022\/10\/DSC09491-scaled.jpg 2560w, https:\/\/www.teatrodelbicentenariosanjuan.org\/wp-content\/uploads\/2022\/10\/DSC09491-300x200.jpg 300w, https:\/\/www.teatrodelbicentenariosanjuan.org\/wp-content\/uploads\/2022\/10\/DSC09491-1024x683.jpg 1024w, https:\/\/www.teatrodelbicentenariosanjuan.org\/wp-content\/uploads\/2022\/10\/DSC09491-150x100.jpg 150w, https:\/\/www.teatrodelbicentenariosanjuan.org\/wp-content\/uploads\/2022\/10\/DSC09491-768x512.jpg 768w, https:\/\/www.teatrodelbicentenariosanjuan.org\/wp-content\/uploads\/2022\/10\/DSC09491-1536x1024.jpg 1536w, https:\/\/www.teatrodelbicentenariosanjuan.org\/wp-content\/uploads\/2022\/10\/DSC09491-2048x1365.jpg 2048w, https:\/\/www.teatrodelbicentenariosanjuan.org\/wp-content\/uploads\/2022\/10\/DSC09491-18x12.jpg 18w, https:\/\/www.teatrodelbicentenariosanjuan.org\/wp-content\/uploads\/2022\/10\/DSC09491-700x467.jpg 700w, https:\/\/www.teatrodelbicentenariosanjuan.org\/wp-content\/uploads\/2022\/10\/DSC09491-500x333.jpg 500w\" sizes=\"auto, (max-width: 2560px) 100vw, 2560px\" \/><\/div>\n\t\t<\/div>\n\t<\/div>\n\t<div class=\"vc_empty_space\"  style=\"height: 32px\" ><span\n\t\t\tclass=\"vc_empty_space_inner\">\n\t\t\t<span class=\"empty_space_image\"  ><\/span>\n\t\t<\/span><\/div>\n\n\n\t<div class=\"wpb_text_column wpb_content_element\">\n\t\t<div class=\"wpb_wrapper\">\n\t\t\t<p style=\"text-align: center;\"><span style=\"font-size: 18pt;\"><strong>\u00a0PROYECTO GANADOR LETRAS CORP\u00d3REAS 2022<br \/>\n<\/strong><\/span><\/p>\n\n\t\t<\/div> \n\t<\/div> \t<div class=\"vc_empty_space\"  style=\"height: 32px\" ><span\n\t\t\tclass=\"vc_empty_space_inner\">\n\t\t\t<span class=\"empty_space_image\"  ><\/span>\n\t\t<\/span><\/div>\n\n\n\t<div class=\"wpb_text_column wpb_content_element\">\n\t\t<div class=\"wpb_wrapper\">\n\t\t\t<p style=\"text-align: justify;\">Como todos los a\u00f1os, el <strong>Teatro del Bicentenario abre convocatoria para la presentaci\u00f3n de proyectos art\u00edsticos<\/strong> para redise\u00f1ar las letras corp\u00f3reas del TB en su Temporada 2022. Esta iniciativa tiene como objetivo<strong> poner en valor y fomentar los procesos creativos y producciones art\u00edsticas originales<\/strong>, dirigidas a sostener el arte como elemento de transformaci\u00f3n e interacci\u00f3n con la comunidad. Adem\u00e1s, <strong>apunta a la apropiaci\u00f3n de los espacios del TB por parte de la sociedad<\/strong> sanjuanina como valor agregado.<\/p>\n\n\t\t<\/div> \n\t<\/div> \n\t<div class=\"wpb_text_column wpb_content_element\">\n\t\t<div class=\"wpb_wrapper\">\n\t\t\t<p style=\"text-align: justify;\">En esta oportunidad, el disparador propuesto para que los artistas realicen sus proyectos de redise\u00f1o de las Letras Corp\u00f3reas del TB fue la obra Carmina Burana, en el marco de los festejos del sexto aniversario y los<strong> 40 a\u00f1os del fallecimiento de su autor, el c\u00e9lebre autor alem\u00e1n Carl Off<\/strong>.<\/p>\n\n\t\t<\/div> \n\t<\/div> \t<div class=\"vc_empty_space\"  style=\"height: 32px\" ><span\n\t\t\tclass=\"vc_empty_space_inner\">\n\t\t\t<span class=\"empty_space_image\"  ><\/span>\n\t\t<\/span><\/div>\n\n<div class=\"vc_text_separator wpb_content_element full separator_align_center\"><div style='background-color:#ffffff; border:1px solid #3488e2; color:#000000;'><span>PROYECTO GANADOR : \"EL C\u00cdRCULO\" de Alejandro G\u00f3mez y Jorge Garc\u00eda<\/span><\/div><\/div>\n\t<div class=\"vc_empty_space\"  style=\"height: 32px\" ><span\n\t\t\tclass=\"vc_empty_space_inner\">\n\t\t\t<span class=\"empty_space_image\"  ><\/span>\n\t\t<\/span><\/div>\n\n\n\t<div class=\"wpb_text_column wpb_content_element\">\n\t\t<div class=\"wpb_wrapper\">\n\t\t\t<p>El C\u00edrculo es una obra que relata, a trav\u00e9s de varias escenas, el inevitable azar de todo lo que vive y existe sobre el mundo, seguir los senderos, las mareas, las corrientes del ineludible destino que es el brotar, florecer y marchitarse, para volver a alzarse.<\/p>\n<p>El c\u00edrculo habla de la urgencia de la vida, de la imposibilidad de controlarla a\u00fan a pesar de los intentos humanos por regir sus flujos, por marcar verdades, por dise\u00f1ar su destino; El C\u00edrculo habla de la necesidad de aprender a fluir con la formula Vida\/Muerte, para ser eternamente parte, hasta la extinci\u00f3n misma del Universo.<\/p>\n\n\t\t<\/div> \n\t<\/div> \t<div class=\"vc_empty_space\"  style=\"height: 32px\" ><span\n\t\t\tclass=\"vc_empty_space_inner\">\n\t\t\t<span class=\"empty_space_image\"  ><\/span>\n\t\t<\/span><\/div>\n\n\n\t<div class=\"wpb_video_widget wpb_content_element vc_clearfix   vc_video-aspect-ratio-169 vc_video-el-width-80 vc_video-align-center\" >\n\t\t<div class=\"wpb_wrapper\">\n\t\t\t\n\t\t\t<div class=\"wpb_video_wrapper\"><iframe loading=\"lazy\" title=\"LAS NUEVAS LETRAS CORP\u00d3REAS DEL TB\" width=\"500\" height=\"281\" src=\"https:\/\/www.youtube.com\/embed\/V3XcSHafQHA?feature=oembed\" frameborder=\"0\" allow=\"accelerometer; autoplay; clipboard-write; encrypted-media; gyroscope; picture-in-picture; web-share\" referrerpolicy=\"strict-origin-when-cross-origin\" allowfullscreen><\/iframe><\/div>\n\t\t<\/div>\n\t<\/div>\n<\/div><\/div><\/div><\/div><\/div><\/div><div      class=\"vc_row wpb_row section vc_row-fluid\" style=' text-align:left;'><div class=\"full_section_inner clearfix\"><div class=\"wpb_column vc_column_container vc_col-sm-12\"><div class=\"vc_column-inner\"><div class=\"wpb_wrapper\"><a  itemprop=\"url\" href=\"https:\/\/www.teatrodelbicentenariosanjuan.org\/wp-content\/uploads\/2022\/10\/Proyecto-Ganador-Elcirculo.pdf\" target=\"_self\"  class=\"qbutton  big_large_full_width enlarge\" style=\"\">CONOC\u00c9 M\u00c1S DEL PROYECTO ``EL C\u00cdRCULO``<\/a><\/div><\/div><\/div><\/div><\/div><div      class=\"vc_row wpb_row section vc_row-fluid  grid_section\" style=' text-align:left;'><div class=\"section_inner clearfix\"><div class='section_inner_margin clearfix'><div class=\"wpb_column vc_column_container vc_col-sm-12 vc_col-has-fill\"><div class=\"vc_column-inner vc_custom_1484750598384\"><div class=\"wpb_wrapper\">\t<div class=\"vc_empty_space\"  style=\"height: 15px\" ><span\n\t\t\tclass=\"vc_empty_space_inner\">\n\t\t\t<span class=\"empty_space_image\"  ><\/span>\n\t\t<\/span><\/div>\n\n<\/div><\/div><\/div><\/div><\/div><\/div><div      class=\"vc_row wpb_row section vc_row-fluid\" style=' text-align:left;'><div class=\"full_section_inner clearfix\"><div class=\"wpb_column vc_column_container vc_col-sm-12\"><div class=\"vc_column-inner\"><div class=\"wpb_wrapper\">\t<div class=\"vc_empty_space\"  style=\"height: 30px\" ><span\n\t\t\tclass=\"vc_empty_space_inner\">\n\t\t\t<span class=\"empty_space_image\"  ><\/span>\n\t\t<\/span><\/div>\n\n<\/div><\/div><\/div><\/div><\/div><div      class=\"vc_row wpb_row section vc_row-fluid\" style=' text-align:left;'><div class=\"full_section_inner clearfix\"><div class=\"wpb_column vc_column_container vc_col-sm-12\"><div class=\"vc_column-inner\"><div class=\"wpb_wrapper\">\t<div class=\"vc_empty_space\"  style=\"height: 30px\" ><span\n\t\t\tclass=\"vc_empty_space_inner\">\n\t\t\t<span class=\"empty_space_image\"  ><\/span>\n\t\t<\/span><\/div>\n\n<\/div><\/div><\/div><\/div><\/div><div      class=\"vc_row wpb_row section vc_row-fluid\" style=' text-align:left;'><div class=\"full_section_inner clearfix\"><div class=\"wpb_column vc_column_container vc_col-sm-12\"><div class=\"vc_column-inner\"><div class=\"wpb_wrapper\"><\/div><\/div><\/div><\/div><\/div><div      class=\"vc_row wpb_row section vc_row-fluid\" style=' text-align:left;'><div class=\"full_section_inner clearfix\"><div class=\"wpb_column vc_column_container vc_col-sm-12\"><div class=\"vc_column-inner\"><div class=\"wpb_wrapper\">\t<div class=\"vc_empty_space\"  style=\"height: 50px\" ><span\n\t\t\tclass=\"vc_empty_space_inner\">\n\t\t\t<span class=\"empty_space_image\"  ><\/span>\n\t\t<\/span><\/div>\n\n<\/div><\/div><\/div><\/div><\/div>\n<\/div>","protected":false},"excerpt":{"rendered":"\u00a0PROYECTO GANADOR LETRAS CORP\u00d3REAS 2022 Como todos los a\u00f1os, el Teatro del Bicentenario abre convocatoria para la presentaci\u00f3n de proyectos art\u00edsticos para redise\u00f1ar las letras corp\u00f3reas del TB en su Temporada 2022. Esta iniciativa tiene como objetivo poner en valor y fomentar los procesos creativos...","protected":false},"author":4,"featured_media":0,"parent":0,"menu_order":0,"comment_status":"closed","ping_status":"closed","template":"full_width.php","meta":{"h5ap_radio_sources":[],"footnotes":""},"class_list":["post-23529","page","type-page","status-publish","hentry"],"_links":{"self":[{"href":"https:\/\/www.teatrodelbicentenariosanjuan.org\/en\/wp-json\/wp\/v2\/pages\/23529","targetHints":{"allow":["GET"]}}],"collection":[{"href":"https:\/\/www.teatrodelbicentenariosanjuan.org\/en\/wp-json\/wp\/v2\/pages"}],"about":[{"href":"https:\/\/www.teatrodelbicentenariosanjuan.org\/en\/wp-json\/wp\/v2\/types\/page"}],"author":[{"embeddable":true,"href":"https:\/\/www.teatrodelbicentenariosanjuan.org\/en\/wp-json\/wp\/v2\/users\/4"}],"replies":[{"embeddable":true,"href":"https:\/\/www.teatrodelbicentenariosanjuan.org\/en\/wp-json\/wp\/v2\/comments?post=23529"}],"version-history":[{"count":3,"href":"https:\/\/www.teatrodelbicentenariosanjuan.org\/en\/wp-json\/wp\/v2\/pages\/23529\/revisions"}],"predecessor-version":[{"id":25261,"href":"https:\/\/www.teatrodelbicentenariosanjuan.org\/en\/wp-json\/wp\/v2\/pages\/23529\/revisions\/25261"}],"wp:attachment":[{"href":"https:\/\/www.teatrodelbicentenariosanjuan.org\/en\/wp-json\/wp\/v2\/media?parent=23529"}],"curies":[{"name":"wp","href":"https:\/\/api.w.org\/{rel}","templated":true}]}}

LETRAS CORPÓREAS

<div class="wpb-content-wrapper"><div      class="vc_row wpb_row section vc_row-fluid  grid_section" style=' text-align:left;'><div class="section_inner clearfix"><div class='section_inner_margin clearfix'><div class="wpb_column vc_column_container vc_col-sm-12 vc_col-has-fill"><div class="vc_column-inner vc_custom_1564497405851"><div class="wpb_wrapper">
	<div class="wpb_single_image wpb_content_element vc_align_right">
		<div class="wpb_wrapper">
			
			<div class="vc_single_image-wrapper   vc_box_border_grey"><img loading="lazy" decoding="async" width="2560" height="1707" src="https://www.teatrodelbicentenariosanjuan.org/wp-content/uploads/2022/10/DSC09491-scaled.jpg" class="vc_single_image-img attachment-full" alt="" title="DSC09491" srcset="https://www.teatrodelbicentenariosanjuan.org/wp-content/uploads/2022/10/DSC09491-scaled.jpg 2560w, https://www.teatrodelbicentenariosanjuan.org/wp-content/uploads/2022/10/DSC09491-300x200.jpg 300w, https://www.teatrodelbicentenariosanjuan.org/wp-content/uploads/2022/10/DSC09491-1024x683.jpg 1024w, https://www.teatrodelbicentenariosanjuan.org/wp-content/uploads/2022/10/DSC09491-150x100.jpg 150w, https://www.teatrodelbicentenariosanjuan.org/wp-content/uploads/2022/10/DSC09491-768x512.jpg 768w, https://www.teatrodelbicentenariosanjuan.org/wp-content/uploads/2022/10/DSC09491-1536x1024.jpg 1536w, https://www.teatrodelbicentenariosanjuan.org/wp-content/uploads/2022/10/DSC09491-2048x1365.jpg 2048w, https://www.teatrodelbicentenariosanjuan.org/wp-content/uploads/2022/10/DSC09491-18x12.jpg 18w, https://www.teatrodelbicentenariosanjuan.org/wp-content/uploads/2022/10/DSC09491-700x467.jpg 700w, https://www.teatrodelbicentenariosanjuan.org/wp-content/uploads/2022/10/DSC09491-500x333.jpg 500w" sizes="auto, (max-width: 2560px) 100vw, 2560px" /></div>
		</div>
	</div>
	<div class="vc_empty_space"  style="height: 32px" ><span
			class="vc_empty_space_inner">
			<span class="empty_space_image"  ></span>
		</span></div>


	<div class="wpb_text_column wpb_content_element">
		<div class="wpb_wrapper">
			<p style="text-align: center;"><span style="font-size: 18pt;"><strong> PROYECTO GANADOR LETRAS CORPÓREAS 2022<br />
</strong></span></p>

		</div> 
	</div> 	<div class="vc_empty_space"  style="height: 32px" ><span
			class="vc_empty_space_inner">
			<span class="empty_space_image"  ></span>
		</span></div>


	<div class="wpb_text_column wpb_content_element">
		<div class="wpb_wrapper">
			<p style="text-align: justify;">Como todos los años, el <strong>Teatro del Bicentenario abre convocatoria para la presentación de proyectos artísticos</strong> para rediseñar las letras corpóreas del TB en su Temporada 2022. Esta iniciativa tiene como objetivo<strong> poner en valor y fomentar los procesos creativos y producciones artísticas originales</strong>, dirigidas a sostener el arte como elemento de transformación e interacción con la comunidad. Además, <strong>apunta a la apropiación de los espacios del TB por parte de la sociedad</strong> sanjuanina como valor agregado.</p>

		</div> 
	</div> 
	<div class="wpb_text_column wpb_content_element">
		<div class="wpb_wrapper">
			<p style="text-align: justify;">En esta oportunidad, el disparador propuesto para que los artistas realicen sus proyectos de rediseño de las Letras Corpóreas del TB fue la obra Carmina Burana, en el marco de los festejos del sexto aniversario y los<strong> 40 años del fallecimiento de su autor, el célebre autor alemán Carl Off</strong>.</p>

		</div> 
	</div> 	<div class="vc_empty_space"  style="height: 32px" ><span
			class="vc_empty_space_inner">
			<span class="empty_space_image"  ></span>
		</span></div>

<div class="vc_text_separator wpb_content_element full separator_align_center"><div style='background-color:#ffffff; border:1px solid #3488e2; color:#000000;'><span>PROYECTO GANADOR : "EL CÍRCULO" de Alejandro Gómez y Jorge García</span></div></div>
	<div class="vc_empty_space"  style="height: 32px" ><span
			class="vc_empty_space_inner">
			<span class="empty_space_image"  ></span>
		</span></div>


	<div class="wpb_text_column wpb_content_element">
		<div class="wpb_wrapper">
			<p>El Círculo es una obra que relata, a través de varias escenas, el inevitable azar de todo lo que vive y existe sobre el mundo, seguir los senderos, las mareas, las corrientes del ineludible destino que es el brotar, florecer y marchitarse, para volver a alzarse.</p>
<p>El círculo habla de la urgencia de la vida, de la imposibilidad de controlarla aún a pesar de los intentos humanos por regir sus flujos, por marcar verdades, por diseñar su destino; El Círculo habla de la necesidad de aprender a fluir con la formula Vida/Muerte, para ser eternamente parte, hasta la extinción misma del Universo.</p>

		</div> 
	</div> 	<div class="vc_empty_space"  style="height: 32px" ><span
			class="vc_empty_space_inner">
			<span class="empty_space_image"  ></span>
		</span></div>


	<div class="wpb_video_widget wpb_content_element vc_clearfix   vc_video-aspect-ratio-169 vc_video-el-width-80 vc_video-align-center" >
		<div class="wpb_wrapper">
			
			<div class="wpb_video_wrapper"><iframe loading="lazy" title="LAS NUEVAS LETRAS CORPÓREAS DEL TB" width="500" height="281" src="https://www.youtube.com/embed/V3XcSHafQHA?feature=oembed" frameborder="0" allow="accelerometer; autoplay; clipboard-write; encrypted-media; gyroscope; picture-in-picture; web-share" referrerpolicy="strict-origin-when-cross-origin" allowfullscreen></iframe></div>
		</div>
	</div>
</div></div></div></div></div></div><div      class="vc_row wpb_row section vc_row-fluid" style=' text-align:left;'><div class="full_section_inner clearfix"><div class="wpb_column vc_column_container vc_col-sm-12"><div class="vc_column-inner"><div class="wpb_wrapper"><a  itemprop="url" href="https://www.teatrodelbicentenariosanjuan.org/wp-content/uploads/2022/10/Proyecto-Ganador-Elcirculo.pdf" target="_self"  class="qbutton  big_large_full_width enlarge" style="">CONOCÉ MÁS DEL PROYECTO ``EL CÍRCULO``</a></div></div></div></div></div><div      class="vc_row wpb_row section vc_row-fluid  grid_section" style=' text-align:left;'><div class="section_inner clearfix"><div class='section_inner_margin clearfix'><div class="wpb_column vc_column_container vc_col-sm-12 vc_col-has-fill"><div class="vc_column-inner vc_custom_1484750598384"><div class="wpb_wrapper">	<div class="vc_empty_space"  style="height: 15px" ><span
			class="vc_empty_space_inner">
			<span class="empty_space_image"  ></span>
		</span></div>

</div></div></div></div></div></div><div      class="vc_row wpb_row section vc_row-fluid" style=' text-align:left;'><div class="full_section_inner clearfix"><div class="wpb_column vc_column_container vc_col-sm-12"><div class="vc_column-inner"><div class="wpb_wrapper">	<div class="vc_empty_space"  style="height: 30px" ><span
			class="vc_empty_space_inner">
			<span class="empty_space_image"  ></span>
		</span></div>

</div></div></div></div></div><div      class="vc_row wpb_row section vc_row-fluid" style=' text-align:left;'><div class="full_section_inner clearfix"><div class="wpb_column vc_column_container vc_col-sm-12"><div class="vc_column-inner"><div class="wpb_wrapper">	<div class="vc_empty_space"  style="height: 30px" ><span
			class="vc_empty_space_inner">
			<span class="empty_space_image"  ></span>
		</span></div>

</div></div></div></div></div><div      class="vc_row wpb_row section vc_row-fluid" style=' text-align:left;'><div class="full_section_inner clearfix"><div class="wpb_column vc_column_container vc_col-sm-12"><div class="vc_column-inner"><div class="wpb_wrapper"></div></div></div></div></div><div      class="vc_row wpb_row section vc_row-fluid" style=' text-align:left;'><div class="full_section_inner clearfix"><div class="wpb_column vc_column_container vc_col-sm-12"><div class="vc_column-inner"><div class="wpb_wrapper">	<div class="vc_empty_space"  style="height: 50px" ><span
			class="vc_empty_space_inner">
			<span class="empty_space_image"  ></span>
		</span></div>

</div></div></div></div></div>
</div>

PROYECTO GANADOR LETRAS CORPÓREAS 2022 Como todos los años, el Teatro del Bicentenario abre convocatoria para la presentación de proyectos artísticos para rediseñar las letras corpóreas del TB en su Temporada 2022. Esta iniciativa tiene como objetivo poner en valor y fomentar los procesos creativos...
