{"id":24770,"date":"2023-06-16T11:42:04","date_gmt":"2023-06-16T14:42:04","guid":{"rendered":"https:\/\/www.teatrodelbicentenariosanjuan.org\/?page_id=24770"},"modified":"2023-12-06T08:54:06","modified_gmt":"2023-12-06T11:54:06","slug":"puck","status":"publish","type":"page","link":"https:\/\/www.teatrodelbicentenariosanjuan.org\/en\/puck\/","title":{"rendered":"Puck &#8211; Sue\u00f1o de una noche en el Teatro"},"content":{"rendered":"<div class=\"wpb-content-wrapper\"><div      class=\"vc_row wpb_row section vc_row-fluid  grid_section\" style=' text-align:left;'><div class=\"section_inner clearfix\"><div class='section_inner_margin clearfix'><div class=\"wpb_column vc_column_container vc_col-sm-12 vc_col-has-fill\"><div class=\"vc_column-inner vc_custom_1564497405851\"><div class=\"wpb_wrapper\">\n\t<div class=\"wpb_single_image wpb_content_element vc_align_right\">\n\t\t<div class=\"wpb_wrapper\">\n\t\t\t\n\t\t\t<div class=\"vc_single_image-wrapper   vc_box_border_grey\"><img loading=\"lazy\" decoding=\"async\" width=\"1600\" height=\"765\" src=\"https:\/\/www.teatrodelbicentenariosanjuan.org\/wp-content\/uploads\/2023\/06\/WhatsApp-Image-2023-06-14-at-13.23.24.jpeg\" class=\"vc_single_image-img attachment-full\" alt=\"\" title=\"WhatsApp Image 2023-06-14 at 13.23.24\" srcset=\"https:\/\/www.teatrodelbicentenariosanjuan.org\/wp-content\/uploads\/2023\/06\/WhatsApp-Image-2023-06-14-at-13.23.24.jpeg 1600w, https:\/\/www.teatrodelbicentenariosanjuan.org\/wp-content\/uploads\/2023\/06\/WhatsApp-Image-2023-06-14-at-13.23.24-300x143.jpeg 300w, https:\/\/www.teatrodelbicentenariosanjuan.org\/wp-content\/uploads\/2023\/06\/WhatsApp-Image-2023-06-14-at-13.23.24-1024x490.jpeg 1024w, https:\/\/www.teatrodelbicentenariosanjuan.org\/wp-content\/uploads\/2023\/06\/WhatsApp-Image-2023-06-14-at-13.23.24-150x72.jpeg 150w, https:\/\/www.teatrodelbicentenariosanjuan.org\/wp-content\/uploads\/2023\/06\/WhatsApp-Image-2023-06-14-at-13.23.24-768x367.jpeg 768w, https:\/\/www.teatrodelbicentenariosanjuan.org\/wp-content\/uploads\/2023\/06\/WhatsApp-Image-2023-06-14-at-13.23.24-1536x734.jpeg 1536w, https:\/\/www.teatrodelbicentenariosanjuan.org\/wp-content\/uploads\/2023\/06\/WhatsApp-Image-2023-06-14-at-13.23.24-18x9.jpeg 18w, https:\/\/www.teatrodelbicentenariosanjuan.org\/wp-content\/uploads\/2023\/06\/WhatsApp-Image-2023-06-14-at-13.23.24-700x335.jpeg 700w, https:\/\/www.teatrodelbicentenariosanjuan.org\/wp-content\/uploads\/2023\/06\/WhatsApp-Image-2023-06-14-at-13.23.24-500x239.jpeg 500w\" sizes=\"auto, (max-width: 1600px) 100vw, 1600px\" \/><\/div>\n\t\t<\/div>\n\t<\/div>\n\t<div class=\"vc_empty_space\"  style=\"height: 32px\" ><span\n\t\t\tclass=\"vc_empty_space_inner\">\n\t\t\t<span class=\"empty_space_image\"  ><\/span>\n\t\t<\/span><\/div>\n\n\n\t<div class=\"wpb_text_column wpb_content_element\">\n\t\t<div class=\"wpb_wrapper\">\n\t\t\t<p style=\"text-align: center;\"><span style=\"font-size: 18pt;\"><strong>Visita especial que <span style=\"color: #ff0000;\">se realiza en el Mes de las Infancias<\/span><\/strong><\/span><\/p>\n\n\t\t<\/div> \n\t<\/div> \t<div class=\"vc_empty_space\"  style=\"height: 32px\" ><span\n\t\t\tclass=\"vc_empty_space_inner\">\n\t\t\t<span class=\"empty_space_image\"  ><\/span>\n\t\t<\/span><\/div>\n\n\n\t<div class=\"wpb_text_column wpb_content_element\">\n\t\t<div class=\"wpb_wrapper\">\n\t\t\t<p>\u201cPUCK, Sue\u00f1o de una noche en el teatro\u201d es una experiencia art\u00edstica y did\u00e1ctica con producci\u00f3n propia del TB, en la que se conjugan las artes esc\u00e9nicas como el teatro y la m\u00fasica, con el protagonismo de los chicos y chicas que participar\u00e1n activamente en cada instancia recorriendo todos los rincones del coloso sanjuanino.<\/p>\n<p>Durante la visita, los chicos participar\u00e1n de un taller de ejecuci\u00f3n de instrumentos cotidi\u00e1fonos con la posterior observaci\u00f3n y participaci\u00f3n en la obra teatral \u201cSue\u00f1o de una noche de verano\u201d, de William Shakespeare, representada por actores que adem\u00e1s ser\u00e1n gu\u00edas en esta visita especial.<\/p>\n<p>GRATUITA. Del 7 al 11 de agosto. Turnos: 10 y 15hs.<\/p>\n<p><span style=\"color: #ff0000;\"><strong> Inscripciones cerradas.<\/strong><\/span><\/p>\n\n\t\t<\/div> \n\t<\/div> \t<div class=\"vc_empty_space\"  style=\"height: 32px\" ><span\n\t\t\tclass=\"vc_empty_space_inner\">\n\t\t\t<span class=\"empty_space_image\"  ><\/span>\n\t\t<\/span><\/div>\n\n\t<div class=\"vc_empty_space\"  style=\"height: 32px\" ><span\n\t\t\tclass=\"vc_empty_space_inner\">\n\t\t\t<span class=\"empty_space_image\"  ><\/span>\n\t\t<\/span><\/div>\n\n\t<div class=\"vc_empty_space\"  style=\"height: 32px\" ><span\n\t\t\tclass=\"vc_empty_space_inner\">\n\t\t\t<span class=\"empty_space_image\"  ><\/span>\n\t\t<\/span><\/div>\n\n<a  itemprop=\"url\" href=\"https:\/\/www.teatrodelbicentenariosanjuan.org\/wp-content\/uploads\/2023\/06\/Cesion-de-derechos-de-imagen.pdf\" target=\"_self\"  class=\"qbutton  big_large_full_width enlarge\" style=\"border-color: #ffffff; \">CESI\u00d3N DE DERECHOS DE IM\u00c1GEN<\/a>\t<div class=\"vc_empty_space\"  style=\"height: 32px\" ><span\n\t\t\tclass=\"vc_empty_space_inner\">\n\t\t\t<span class=\"empty_space_image\"  ><\/span>\n\t\t<\/span><\/div>\n\n<\/div><\/div><\/div><\/div><\/div><\/div><div      class=\"vc_row wpb_row section vc_row-fluid\" style=' text-align:left;'><div class=\"full_section_inner clearfix\"><div class=\"wpb_column vc_column_container vc_col-sm-12\"><div class=\"vc_column-inner\"><div class=\"wpb_wrapper\">\t<div class=\"vc_empty_space\"  style=\"height: 32px\" ><span\n\t\t\tclass=\"vc_empty_space_inner\">\n\t\t\t<span class=\"empty_space_image\"  ><\/span>\n\t\t<\/span><\/div>\n\n<\/div><\/div><\/div><\/div><\/div><div      class=\"vc_row wpb_row section vc_row-fluid  grid_section\" style=' text-align:left;'><div class=\"section_inner clearfix\"><div class='section_inner_margin clearfix'><div class=\"wpb_column vc_column_container vc_col-sm-12 vc_col-has-fill\"><div class=\"vc_column-inner vc_custom_1484750598384\"><div class=\"wpb_wrapper\">\t<div class=\"vc_empty_space\"  style=\"height: 15px\" ><span\n\t\t\tclass=\"vc_empty_space_inner\">\n\t\t\t<span class=\"empty_space_image\"  ><\/span>\n\t\t<\/span><\/div>\n\n<\/div><\/div><\/div><\/div><\/div><\/div><div      class=\"vc_row wpb_row section vc_row-fluid\" style=' text-align:left;'><div class=\"full_section_inner clearfix\"><div class=\"wpb_column vc_column_container vc_col-sm-12\"><div class=\"vc_column-inner\"><div class=\"wpb_wrapper\">\t<div class=\"vc_empty_space\"  style=\"height: 30px\" ><span\n\t\t\tclass=\"vc_empty_space_inner\">\n\t\t\t<span class=\"empty_space_image\"  ><\/span>\n\t\t<\/span><\/div>\n\n<\/div><\/div><\/div><\/div><\/div><div      class=\"vc_row wpb_row section vc_row-fluid\" style=' text-align:left;'><div class=\"full_section_inner clearfix\"><div class=\"wpb_column vc_column_container vc_col-sm-12\"><div class=\"vc_column-inner\"><div class=\"wpb_wrapper\">\t<div class=\"vc_empty_space\"  style=\"height: 30px\" ><span\n\t\t\tclass=\"vc_empty_space_inner\">\n\t\t\t<span class=\"empty_space_image\"  ><\/span>\n\t\t<\/span><\/div>\n\n<\/div><\/div><\/div><\/div><\/div><div      class=\"vc_row wpb_row section vc_row-fluid\" style=' text-align:left;'><div class=\"full_section_inner clearfix\"><div class=\"wpb_column vc_column_container vc_col-sm-12\"><div class=\"vc_column-inner\"><div class=\"wpb_wrapper\"><\/div><\/div><\/div><\/div><\/div><div      class=\"vc_row wpb_row section vc_row-fluid\" style=' text-align:left;'><div class=\"full_section_inner clearfix\"><div class=\"wpb_column vc_column_container vc_col-sm-12\"><div class=\"vc_column-inner\"><div class=\"wpb_wrapper\">\t<div class=\"vc_empty_space\"  style=\"height: 50px\" ><span\n\t\t\tclass=\"vc_empty_space_inner\">\n\t\t\t<span class=\"empty_space_image\"  ><\/span>\n\t\t<\/span><\/div>\n\n<\/div><\/div><\/div><\/div><\/div>\n<\/div>","protected":false},"excerpt":{"rendered":"Visita especial que se realiza en el Mes de las Infancias \u201cPUCK, Sue\u00f1o de una noche en el teatro\u201d es una experiencia art\u00edstica y did\u00e1ctica con producci\u00f3n propia del TB, en la que se conjugan las artes esc\u00e9nicas como el teatro y la m\u00fasica, con...","protected":false},"author":4,"featured_media":0,"parent":0,"menu_order":0,"comment_status":"closed","ping_status":"closed","template":"full_width.php","meta":{"h5ap_radio_sources":[],"footnotes":""},"class_list":["post-24770","page","type-page","status-publish","hentry"],"_links":{"self":[{"href":"https:\/\/www.teatrodelbicentenariosanjuan.org\/en\/wp-json\/wp\/v2\/pages\/24770","targetHints":{"allow":["GET"]}}],"collection":[{"href":"https:\/\/www.teatrodelbicentenariosanjuan.org\/en\/wp-json\/wp\/v2\/pages"}],"about":[{"href":"https:\/\/www.teatrodelbicentenariosanjuan.org\/en\/wp-json\/wp\/v2\/types\/page"}],"author":[{"embeddable":true,"href":"https:\/\/www.teatrodelbicentenariosanjuan.org\/en\/wp-json\/wp\/v2\/users\/4"}],"replies":[{"embeddable":true,"href":"https:\/\/www.teatrodelbicentenariosanjuan.org\/en\/wp-json\/wp\/v2\/comments?post=24770"}],"version-history":[{"count":3,"href":"https:\/\/www.teatrodelbicentenariosanjuan.org\/en\/wp-json\/wp\/v2\/pages\/24770\/revisions"}],"predecessor-version":[{"id":25254,"href":"https:\/\/www.teatrodelbicentenariosanjuan.org\/en\/wp-json\/wp\/v2\/pages\/24770\/revisions\/25254"}],"wp:attachment":[{"href":"https:\/\/www.teatrodelbicentenariosanjuan.org\/en\/wp-json\/wp\/v2\/media?parent=24770"}],"curies":[{"name":"wp","href":"https:\/\/api.w.org\/{rel}","templated":true}]}}

Puck &#8211; Sueño de una noche en el Teatro

<div class="wpb-content-wrapper"><div      class="vc_row wpb_row section vc_row-fluid  grid_section" style=' text-align:left;'><div class="section_inner clearfix"><div class='section_inner_margin clearfix'><div class="wpb_column vc_column_container vc_col-sm-12 vc_col-has-fill"><div class="vc_column-inner vc_custom_1564497405851"><div class="wpb_wrapper">
	<div class="wpb_single_image wpb_content_element vc_align_right">
		<div class="wpb_wrapper">
			
			<div class="vc_single_image-wrapper   vc_box_border_grey"><img loading="lazy" decoding="async" width="1600" height="765" src="https://www.teatrodelbicentenariosanjuan.org/wp-content/uploads/2023/06/WhatsApp-Image-2023-06-14-at-13.23.24.jpeg" class="vc_single_image-img attachment-full" alt="" title="WhatsApp Image 2023-06-14 at 13.23.24" srcset="https://www.teatrodelbicentenariosanjuan.org/wp-content/uploads/2023/06/WhatsApp-Image-2023-06-14-at-13.23.24.jpeg 1600w, https://www.teatrodelbicentenariosanjuan.org/wp-content/uploads/2023/06/WhatsApp-Image-2023-06-14-at-13.23.24-300x143.jpeg 300w, https://www.teatrodelbicentenariosanjuan.org/wp-content/uploads/2023/06/WhatsApp-Image-2023-06-14-at-13.23.24-1024x490.jpeg 1024w, https://www.teatrodelbicentenariosanjuan.org/wp-content/uploads/2023/06/WhatsApp-Image-2023-06-14-at-13.23.24-150x72.jpeg 150w, https://www.teatrodelbicentenariosanjuan.org/wp-content/uploads/2023/06/WhatsApp-Image-2023-06-14-at-13.23.24-768x367.jpeg 768w, https://www.teatrodelbicentenariosanjuan.org/wp-content/uploads/2023/06/WhatsApp-Image-2023-06-14-at-13.23.24-1536x734.jpeg 1536w, https://www.teatrodelbicentenariosanjuan.org/wp-content/uploads/2023/06/WhatsApp-Image-2023-06-14-at-13.23.24-18x9.jpeg 18w, https://www.teatrodelbicentenariosanjuan.org/wp-content/uploads/2023/06/WhatsApp-Image-2023-06-14-at-13.23.24-700x335.jpeg 700w, https://www.teatrodelbicentenariosanjuan.org/wp-content/uploads/2023/06/WhatsApp-Image-2023-06-14-at-13.23.24-500x239.jpeg 500w" sizes="auto, (max-width: 1600px) 100vw, 1600px" /></div>
		</div>
	</div>
	<div class="vc_empty_space"  style="height: 32px" ><span
			class="vc_empty_space_inner">
			<span class="empty_space_image"  ></span>
		</span></div>


	<div class="wpb_text_column wpb_content_element">
		<div class="wpb_wrapper">
			<p style="text-align: center;"><span style="font-size: 18pt;"><strong>Visita especial que <span style="color: #ff0000;">se realiza en el Mes de las Infancias</span></strong></span></p>

		</div> 
	</div> 	<div class="vc_empty_space"  style="height: 32px" ><span
			class="vc_empty_space_inner">
			<span class="empty_space_image"  ></span>
		</span></div>


	<div class="wpb_text_column wpb_content_element">
		<div class="wpb_wrapper">
			<p>“PUCK, Sueño de una noche en el teatro” es una experiencia artística y didáctica con producción propia del TB, en la que se conjugan las artes escénicas como el teatro y la música, con el protagonismo de los chicos y chicas que participarán activamente en cada instancia recorriendo todos los rincones del coloso sanjuanino.</p>
<p>Durante la visita, los chicos participarán de un taller de ejecución de instrumentos cotidiáfonos con la posterior observación y participación en la obra teatral “Sueño de una noche de verano”, de William Shakespeare, representada por actores que además serán guías en esta visita especial.</p>
<p>GRATUITA. Del 7 al 11 de agosto. Turnos: 10 y 15hs.</p>
<p><span style="color: #ff0000;"><strong> Inscripciones cerradas.</strong></span></p>

		</div> 
	</div> 	<div class="vc_empty_space"  style="height: 32px" ><span
			class="vc_empty_space_inner">
			<span class="empty_space_image"  ></span>
		</span></div>

	<div class="vc_empty_space"  style="height: 32px" ><span
			class="vc_empty_space_inner">
			<span class="empty_space_image"  ></span>
		</span></div>

	<div class="vc_empty_space"  style="height: 32px" ><span
			class="vc_empty_space_inner">
			<span class="empty_space_image"  ></span>
		</span></div>

<a  itemprop="url" href="https://www.teatrodelbicentenariosanjuan.org/wp-content/uploads/2023/06/Cesion-de-derechos-de-imagen.pdf" target="_self"  class="qbutton  big_large_full_width enlarge" style="border-color: #ffffff; ">CESIÓN DE DERECHOS DE IMÁGEN</a>	<div class="vc_empty_space"  style="height: 32px" ><span
			class="vc_empty_space_inner">
			<span class="empty_space_image"  ></span>
		</span></div>

</div></div></div></div></div></div><div      class="vc_row wpb_row section vc_row-fluid" style=' text-align:left;'><div class="full_section_inner clearfix"><div class="wpb_column vc_column_container vc_col-sm-12"><div class="vc_column-inner"><div class="wpb_wrapper">	<div class="vc_empty_space"  style="height: 32px" ><span
			class="vc_empty_space_inner">
			<span class="empty_space_image"  ></span>
		</span></div>

</div></div></div></div></div><div      class="vc_row wpb_row section vc_row-fluid  grid_section" style=' text-align:left;'><div class="section_inner clearfix"><div class='section_inner_margin clearfix'><div class="wpb_column vc_column_container vc_col-sm-12 vc_col-has-fill"><div class="vc_column-inner vc_custom_1484750598384"><div class="wpb_wrapper">	<div class="vc_empty_space"  style="height: 15px" ><span
			class="vc_empty_space_inner">
			<span class="empty_space_image"  ></span>
		</span></div>

</div></div></div></div></div></div><div      class="vc_row wpb_row section vc_row-fluid" style=' text-align:left;'><div class="full_section_inner clearfix"><div class="wpb_column vc_column_container vc_col-sm-12"><div class="vc_column-inner"><div class="wpb_wrapper">	<div class="vc_empty_space"  style="height: 30px" ><span
			class="vc_empty_space_inner">
			<span class="empty_space_image"  ></span>
		</span></div>

</div></div></div></div></div><div      class="vc_row wpb_row section vc_row-fluid" style=' text-align:left;'><div class="full_section_inner clearfix"><div class="wpb_column vc_column_container vc_col-sm-12"><div class="vc_column-inner"><div class="wpb_wrapper">	<div class="vc_empty_space"  style="height: 30px" ><span
			class="vc_empty_space_inner">
			<span class="empty_space_image"  ></span>
		</span></div>

</div></div></div></div></div><div      class="vc_row wpb_row section vc_row-fluid" style=' text-align:left;'><div class="full_section_inner clearfix"><div class="wpb_column vc_column_container vc_col-sm-12"><div class="vc_column-inner"><div class="wpb_wrapper"></div></div></div></div></div><div      class="vc_row wpb_row section vc_row-fluid" style=' text-align:left;'><div class="full_section_inner clearfix"><div class="wpb_column vc_column_container vc_col-sm-12"><div class="vc_column-inner"><div class="wpb_wrapper">	<div class="vc_empty_space"  style="height: 50px" ><span
			class="vc_empty_space_inner">
			<span class="empty_space_image"  ></span>
		</span></div>

</div></div></div></div></div>
</div>

Visita especial que se realiza en el Mes de las Infancias “PUCK, Sueño de una noche en el teatro” es una experiencia artística y didáctica con producción propia del TB, en la que se conjugan las artes escénicas como el teatro y la música, con...
