{"id":24846,"date":"2023-06-27T10:34:31","date_gmt":"2023-06-27T13:34:31","guid":{"rendered":"https:\/\/www.teatrodelbicentenariosanjuan.org\/?page_id=24846"},"modified":"2023-12-06T09:10:16","modified_gmt":"2023-12-06T12:10:16","slug":"masterclass-veronica-cangemi","status":"publish","type":"page","link":"https:\/\/www.teatrodelbicentenariosanjuan.org\/en\/masterclass-veronica-cangemi\/","title":{"rendered":"MASTERCLASS VER\u00d3NICA CANGEMI"},"content":{"rendered":"<div class=\"wpb-content-wrapper\"><div      class=\"vc_row wpb_row section vc_row-fluid  grid_section\" style=' text-align:left;'><div class=\"section_inner clearfix\"><div class='section_inner_margin clearfix'><div class=\"wpb_column vc_column_container vc_col-sm-12 vc_col-has-fill\"><div class=\"vc_column-inner vc_custom_1564497405851\"><div class=\"wpb_wrapper\">\n\t<div class=\"wpb_single_image wpb_content_element vc_align_left\">\n\t\t<div class=\"wpb_wrapper\">\n\t\t\t\n\t\t\t<div class=\"vc_single_image-wrapper   vc_box_border_grey\"><img loading=\"lazy\" decoding=\"async\" width=\"1600\" height=\"1066\" src=\"https:\/\/www.teatrodelbicentenariosanjuan.org\/wp-content\/uploads\/2023\/06\/WhatsApp-Image-2023-06-27-at-10.22.04.jpeg\" class=\"vc_single_image-img attachment-full\" alt=\"\" title=\"WhatsApp Image 2023-06-27 at 10.22.04\" srcset=\"https:\/\/www.teatrodelbicentenariosanjuan.org\/wp-content\/uploads\/2023\/06\/WhatsApp-Image-2023-06-27-at-10.22.04.jpeg 1600w, https:\/\/www.teatrodelbicentenariosanjuan.org\/wp-content\/uploads\/2023\/06\/WhatsApp-Image-2023-06-27-at-10.22.04-300x200.jpeg 300w, https:\/\/www.teatrodelbicentenariosanjuan.org\/wp-content\/uploads\/2023\/06\/WhatsApp-Image-2023-06-27-at-10.22.04-1024x682.jpeg 1024w, https:\/\/www.teatrodelbicentenariosanjuan.org\/wp-content\/uploads\/2023\/06\/WhatsApp-Image-2023-06-27-at-10.22.04-150x100.jpeg 150w, https:\/\/www.teatrodelbicentenariosanjuan.org\/wp-content\/uploads\/2023\/06\/WhatsApp-Image-2023-06-27-at-10.22.04-768x512.jpeg 768w, https:\/\/www.teatrodelbicentenariosanjuan.org\/wp-content\/uploads\/2023\/06\/WhatsApp-Image-2023-06-27-at-10.22.04-1536x1023.jpeg 1536w, https:\/\/www.teatrodelbicentenariosanjuan.org\/wp-content\/uploads\/2023\/06\/WhatsApp-Image-2023-06-27-at-10.22.04-18x12.jpeg 18w, https:\/\/www.teatrodelbicentenariosanjuan.org\/wp-content\/uploads\/2023\/06\/WhatsApp-Image-2023-06-27-at-10.22.04-700x466.jpeg 700w, https:\/\/www.teatrodelbicentenariosanjuan.org\/wp-content\/uploads\/2023\/06\/WhatsApp-Image-2023-06-27-at-10.22.04-500x333.jpeg 500w\" sizes=\"auto, (max-width: 1600px) 100vw, 1600px\" \/><\/div>\n\t\t<\/div>\n\t<\/div>\n\t<div class=\"vc_empty_space\"  style=\"height: 32px\" ><span\n\t\t\tclass=\"vc_empty_space_inner\">\n\t\t\t<span class=\"empty_space_image\"  ><\/span>\n\t\t<\/span><\/div>\n\n\n\t<div class=\"wpb_text_column wpb_content_element\">\n\t\t<div class=\"wpb_wrapper\">\n\t\t\t<p style=\"text-align: center;\"><span style=\"font-size: 18pt;\"><strong><span style=\"font-size: 12pt;\">\u00d3PERA TRAINING<\/span><br \/>\nMASTERCLASS VER\u00d3NICA CANGEMI<br \/>\n<\/strong><\/span><\/p>\n\n\t\t<\/div> \n\t<\/div> \t<div class=\"vc_empty_space\"  style=\"height: 32px\" ><span\n\t\t\tclass=\"vc_empty_space_inner\">\n\t\t\t<span class=\"empty_space_image\"  ><\/span>\n\t\t<\/span><\/div>\n\n\n\t<div class=\"wpb_text_column wpb_content_element\">\n\t\t<div class=\"wpb_wrapper\">\n\t\t\t<p><span style=\"font-size: 10pt; color: #ff0000;\">INSCRIPCIONES CERRADAS<\/span><\/p>\n<p>El <strong>Ministerio de Turismo y Cultura, a trav\u00e9s del Teatro del Bicentenario<\/strong>, abre inscripciones para la Masterclass que dictar\u00e1 la <strong>reconocida soprano Ver\u00f3nica Cangemi en el TB<\/strong>, en el marco del Programa Opera Training 2023 que se desarrollar\u00e1 a partir del 5 de julio en el TB.<\/p>\n<p>Con el objetivo de enriquecer la propuesta cultural de la provincia de San Juan y su inserci\u00f3n y proyecci\u00f3n hacia el \u00e1mbito de la actividad l\u00edrica nacional e internacional, el TB invita a cantantes l\u00edricos nivel avanzado e intermedio a participar de la clase que da inicio al Opera Training 2023, con modalidad presencial y gratuita. La Masterclass estar\u00e1 a cargo de Ver\u00f3nica Cangemi, directora art\u00edstica del Programa.<\/p>\n<p>La convocatoria est\u00e1 dirigida a cantantes l\u00edricos nivel avanzado e intermedio, mayores 18 a\u00f1os, con una consolidada preparaci\u00f3n en t\u00e9cnica vocal que permita un perfeccionamiento y una formaci\u00f3n pr\u00e1ctica en un teatro de \u00f3pera.<\/p>\n\n\t\t<\/div> \n\t<\/div> \t<div class=\"vc_empty_space\"  style=\"height: 32px\" ><span\n\t\t\tclass=\"vc_empty_space_inner\">\n\t\t\t<span class=\"empty_space_image\"  ><\/span>\n\t\t<\/span><\/div>\n\n\n\t<div class=\"wpb_text_column wpb_content_element\">\n\t\t<div class=\"wpb_wrapper\">\n\t\t\t<p><strong>Masterclass dictada por Ver\u00f3nica Cangemi, el pr\u00f3ximo 5 de julio en horario a confirmar. Gratuita con inscripciones abiertas hasta el 01 de julio, a las 12hs. Cupos limitados.<\/strong><\/p>\n<p>&nbsp;<\/p>\n\n\t\t<\/div> \n\t<\/div> \t<div class=\"vc_empty_space\"  style=\"height: 32px\" ><span\n\t\t\tclass=\"vc_empty_space_inner\">\n\t\t\t<span class=\"empty_space_image\"  ><\/span>\n\t\t<\/span><\/div>\n\n\t<div class=\"vc_empty_space\"  style=\"height: 32px\" ><span\n\t\t\tclass=\"vc_empty_space_inner\">\n\t\t\t<span class=\"empty_space_image\"  ><\/span>\n\t\t<\/span><\/div>\n\n<\/div><\/div><\/div><\/div><\/div><\/div><div      class=\"vc_row wpb_row section vc_row-fluid\" style=' text-align:left;'><div class=\"full_section_inner clearfix\"><div class=\"wpb_column vc_column_container vc_col-sm-12\"><div class=\"vc_column-inner\"><div class=\"wpb_wrapper\">\t<div class=\"vc_empty_space\"  style=\"height: 32px\" ><span\n\t\t\tclass=\"vc_empty_space_inner\">\n\t\t\t<span class=\"empty_space_image\"  ><\/span>\n\t\t<\/span><\/div>\n\n<\/div><\/div><\/div><\/div><\/div><div      class=\"vc_row wpb_row section vc_row-fluid  grid_section\" style=' text-align:left;'><div class=\"section_inner clearfix\"><div class='section_inner_margin clearfix'><div class=\"wpb_column vc_column_container vc_col-sm-12 vc_col-has-fill\"><div class=\"vc_column-inner vc_custom_1484750598384\"><div class=\"wpb_wrapper\">\t<div class=\"vc_empty_space\"  style=\"height: 15px\" ><span\n\t\t\tclass=\"vc_empty_space_inner\">\n\t\t\t<span class=\"empty_space_image\"  ><\/span>\n\t\t<\/span><\/div>\n\n<\/div><\/div><\/div><\/div><\/div><\/div><div      class=\"vc_row wpb_row section vc_row-fluid\" style=' text-align:left;'><div class=\"full_section_inner clearfix\"><div class=\"wpb_column vc_column_container vc_col-sm-12\"><div class=\"vc_column-inner\"><div class=\"wpb_wrapper\">\t<div class=\"vc_empty_space\"  style=\"height: 30px\" ><span\n\t\t\tclass=\"vc_empty_space_inner\">\n\t\t\t<span class=\"empty_space_image\"  ><\/span>\n\t\t<\/span><\/div>\n\n<\/div><\/div><\/div><\/div><\/div><div      class=\"vc_row wpb_row section vc_row-fluid\" style=' text-align:left;'><div class=\"full_section_inner clearfix\"><div class=\"wpb_column vc_column_container vc_col-sm-12\"><div class=\"vc_column-inner\"><div class=\"wpb_wrapper\">\t<div class=\"vc_empty_space\"  style=\"height: 30px\" ><span\n\t\t\tclass=\"vc_empty_space_inner\">\n\t\t\t<span class=\"empty_space_image\"  ><\/span>\n\t\t<\/span><\/div>\n\n<\/div><\/div><\/div><\/div><\/div><div      class=\"vc_row wpb_row section vc_row-fluid\" style=' text-align:left;'><div class=\"full_section_inner clearfix\"><div class=\"wpb_column vc_column_container vc_col-sm-12\"><div class=\"vc_column-inner\"><div class=\"wpb_wrapper\"><\/div><\/div><\/div><\/div><\/div><div      class=\"vc_row wpb_row section vc_row-fluid\" style=' text-align:left;'><div class=\"full_section_inner clearfix\"><div class=\"wpb_column vc_column_container vc_col-sm-12\"><div class=\"vc_column-inner\"><div class=\"wpb_wrapper\">\t<div class=\"vc_empty_space\"  style=\"height: 50px\" ><span\n\t\t\tclass=\"vc_empty_space_inner\">\n\t\t\t<span class=\"empty_space_image\"  ><\/span>\n\t\t<\/span><\/div>\n\n<\/div><\/div><\/div><\/div><\/div>\n<\/div>","protected":false},"excerpt":{"rendered":"\u00d3PERA TRAINING MASTERCLASS VER\u00d3NICA CANGEMI INSCRIPCIONES CERRADAS El Ministerio de Turismo y Cultura, a trav\u00e9s del Teatro del Bicentenario, abre inscripciones para la Masterclass que dictar\u00e1 la reconocida soprano Ver\u00f3nica Cangemi en el TB, en el marco del Programa Opera Training 2023 que se desarrollar\u00e1...","protected":false},"author":4,"featured_media":0,"parent":0,"menu_order":0,"comment_status":"closed","ping_status":"closed","template":"full_width.php","meta":{"h5ap_radio_sources":[],"footnotes":""},"class_list":["post-24846","page","type-page","status-publish","hentry"],"_links":{"self":[{"href":"https:\/\/www.teatrodelbicentenariosanjuan.org\/en\/wp-json\/wp\/v2\/pages\/24846","targetHints":{"allow":["GET"]}}],"collection":[{"href":"https:\/\/www.teatrodelbicentenariosanjuan.org\/en\/wp-json\/wp\/v2\/pages"}],"about":[{"href":"https:\/\/www.teatrodelbicentenariosanjuan.org\/en\/wp-json\/wp\/v2\/types\/page"}],"author":[{"embeddable":true,"href":"https:\/\/www.teatrodelbicentenariosanjuan.org\/en\/wp-json\/wp\/v2\/users\/4"}],"replies":[{"embeddable":true,"href":"https:\/\/www.teatrodelbicentenariosanjuan.org\/en\/wp-json\/wp\/v2\/comments?post=24846"}],"version-history":[{"count":3,"href":"https:\/\/www.teatrodelbicentenariosanjuan.org\/en\/wp-json\/wp\/v2\/pages\/24846\/revisions"}],"predecessor-version":[{"id":25257,"href":"https:\/\/www.teatrodelbicentenariosanjuan.org\/en\/wp-json\/wp\/v2\/pages\/24846\/revisions\/25257"}],"wp:attachment":[{"href":"https:\/\/www.teatrodelbicentenariosanjuan.org\/en\/wp-json\/wp\/v2\/media?parent=24846"}],"curies":[{"name":"wp","href":"https:\/\/api.w.org\/{rel}","templated":true}]}}

MASTERCLASS VERÓNICA CANGEMI

<div class="wpb-content-wrapper"><div      class="vc_row wpb_row section vc_row-fluid  grid_section" style=' text-align:left;'><div class="section_inner clearfix"><div class='section_inner_margin clearfix'><div class="wpb_column vc_column_container vc_col-sm-12 vc_col-has-fill"><div class="vc_column-inner vc_custom_1564497405851"><div class="wpb_wrapper">
	<div class="wpb_single_image wpb_content_element vc_align_left">
		<div class="wpb_wrapper">
			
			<div class="vc_single_image-wrapper   vc_box_border_grey"><img loading="lazy" decoding="async" width="1600" height="1066" src="https://www.teatrodelbicentenariosanjuan.org/wp-content/uploads/2023/06/WhatsApp-Image-2023-06-27-at-10.22.04.jpeg" class="vc_single_image-img attachment-full" alt="" title="WhatsApp Image 2023-06-27 at 10.22.04" srcset="https://www.teatrodelbicentenariosanjuan.org/wp-content/uploads/2023/06/WhatsApp-Image-2023-06-27-at-10.22.04.jpeg 1600w, https://www.teatrodelbicentenariosanjuan.org/wp-content/uploads/2023/06/WhatsApp-Image-2023-06-27-at-10.22.04-300x200.jpeg 300w, https://www.teatrodelbicentenariosanjuan.org/wp-content/uploads/2023/06/WhatsApp-Image-2023-06-27-at-10.22.04-1024x682.jpeg 1024w, https://www.teatrodelbicentenariosanjuan.org/wp-content/uploads/2023/06/WhatsApp-Image-2023-06-27-at-10.22.04-150x100.jpeg 150w, https://www.teatrodelbicentenariosanjuan.org/wp-content/uploads/2023/06/WhatsApp-Image-2023-06-27-at-10.22.04-768x512.jpeg 768w, https://www.teatrodelbicentenariosanjuan.org/wp-content/uploads/2023/06/WhatsApp-Image-2023-06-27-at-10.22.04-1536x1023.jpeg 1536w, https://www.teatrodelbicentenariosanjuan.org/wp-content/uploads/2023/06/WhatsApp-Image-2023-06-27-at-10.22.04-18x12.jpeg 18w, https://www.teatrodelbicentenariosanjuan.org/wp-content/uploads/2023/06/WhatsApp-Image-2023-06-27-at-10.22.04-700x466.jpeg 700w, https://www.teatrodelbicentenariosanjuan.org/wp-content/uploads/2023/06/WhatsApp-Image-2023-06-27-at-10.22.04-500x333.jpeg 500w" sizes="auto, (max-width: 1600px) 100vw, 1600px" /></div>
		</div>
	</div>
	<div class="vc_empty_space"  style="height: 32px" ><span
			class="vc_empty_space_inner">
			<span class="empty_space_image"  ></span>
		</span></div>


	<div class="wpb_text_column wpb_content_element">
		<div class="wpb_wrapper">
			<p style="text-align: center;"><span style="font-size: 18pt;"><strong><span style="font-size: 12pt;">ÓPERA TRAINING</span><br />
MASTERCLASS VERÓNICA CANGEMI<br />
</strong></span></p>

		</div> 
	</div> 	<div class="vc_empty_space"  style="height: 32px" ><span
			class="vc_empty_space_inner">
			<span class="empty_space_image"  ></span>
		</span></div>


	<div class="wpb_text_column wpb_content_element">
		<div class="wpb_wrapper">
			<p><span style="font-size: 10pt; color: #ff0000;">INSCRIPCIONES CERRADAS</span></p>
<p>El <strong>Ministerio de Turismo y Cultura, a través del Teatro del Bicentenario</strong>, abre inscripciones para la Masterclass que dictará la <strong>reconocida soprano Verónica Cangemi en el TB</strong>, en el marco del Programa Opera Training 2023 que se desarrollará a partir del 5 de julio en el TB.</p>
<p>Con el objetivo de enriquecer la propuesta cultural de la provincia de San Juan y su inserción y proyección hacia el ámbito de la actividad lírica nacional e internacional, el TB invita a cantantes líricos nivel avanzado e intermedio a participar de la clase que da inicio al Opera Training 2023, con modalidad presencial y gratuita. La Masterclass estará a cargo de Verónica Cangemi, directora artística del Programa.</p>
<p>La convocatoria está dirigida a cantantes líricos nivel avanzado e intermedio, mayores 18 años, con una consolidada preparación en técnica vocal que permita un perfeccionamiento y una formación práctica en un teatro de ópera.</p>

		</div> 
	</div> 	<div class="vc_empty_space"  style="height: 32px" ><span
			class="vc_empty_space_inner">
			<span class="empty_space_image"  ></span>
		</span></div>


	<div class="wpb_text_column wpb_content_element">
		<div class="wpb_wrapper">
			<p><strong>Masterclass dictada por Verónica Cangemi, el próximo 5 de julio en horario a confirmar. Gratuita con inscripciones abiertas hasta el 01 de julio, a las 12hs. Cupos limitados.</strong></p>
<p>&nbsp;</p>

		</div> 
	</div> 	<div class="vc_empty_space"  style="height: 32px" ><span
			class="vc_empty_space_inner">
			<span class="empty_space_image"  ></span>
		</span></div>

	<div class="vc_empty_space"  style="height: 32px" ><span
			class="vc_empty_space_inner">
			<span class="empty_space_image"  ></span>
		</span></div>

</div></div></div></div></div></div><div      class="vc_row wpb_row section vc_row-fluid" style=' text-align:left;'><div class="full_section_inner clearfix"><div class="wpb_column vc_column_container vc_col-sm-12"><div class="vc_column-inner"><div class="wpb_wrapper">	<div class="vc_empty_space"  style="height: 32px" ><span
			class="vc_empty_space_inner">
			<span class="empty_space_image"  ></span>
		</span></div>

</div></div></div></div></div><div      class="vc_row wpb_row section vc_row-fluid  grid_section" style=' text-align:left;'><div class="section_inner clearfix"><div class='section_inner_margin clearfix'><div class="wpb_column vc_column_container vc_col-sm-12 vc_col-has-fill"><div class="vc_column-inner vc_custom_1484750598384"><div class="wpb_wrapper">	<div class="vc_empty_space"  style="height: 15px" ><span
			class="vc_empty_space_inner">
			<span class="empty_space_image"  ></span>
		</span></div>

</div></div></div></div></div></div><div      class="vc_row wpb_row section vc_row-fluid" style=' text-align:left;'><div class="full_section_inner clearfix"><div class="wpb_column vc_column_container vc_col-sm-12"><div class="vc_column-inner"><div class="wpb_wrapper">	<div class="vc_empty_space"  style="height: 30px" ><span
			class="vc_empty_space_inner">
			<span class="empty_space_image"  ></span>
		</span></div>

</div></div></div></div></div><div      class="vc_row wpb_row section vc_row-fluid" style=' text-align:left;'><div class="full_section_inner clearfix"><div class="wpb_column vc_column_container vc_col-sm-12"><div class="vc_column-inner"><div class="wpb_wrapper">	<div class="vc_empty_space"  style="height: 30px" ><span
			class="vc_empty_space_inner">
			<span class="empty_space_image"  ></span>
		</span></div>

</div></div></div></div></div><div      class="vc_row wpb_row section vc_row-fluid" style=' text-align:left;'><div class="full_section_inner clearfix"><div class="wpb_column vc_column_container vc_col-sm-12"><div class="vc_column-inner"><div class="wpb_wrapper"></div></div></div></div></div><div      class="vc_row wpb_row section vc_row-fluid" style=' text-align:left;'><div class="full_section_inner clearfix"><div class="wpb_column vc_column_container vc_col-sm-12"><div class="vc_column-inner"><div class="wpb_wrapper">	<div class="vc_empty_space"  style="height: 50px" ><span
			class="vc_empty_space_inner">
			<span class="empty_space_image"  ></span>
		</span></div>

</div></div></div></div></div>
</div>

ÓPERA TRAINING MASTERCLASS VERÓNICA CANGEMI INSCRIPCIONES CERRADAS El Ministerio de Turismo y Cultura, a través del Teatro del Bicentenario, abre inscripciones para la Masterclass que dictará la reconocida soprano Verónica Cangemi en el TB, en el marco del Programa Opera Training 2023 que se desarrollará...
